{"id":31,"date":"2015-01-02T18:04:46","date_gmt":"2015-01-02T18:04:46","guid":{"rendered":"http:\/\/fl-translations.be\/?page_id=31"},"modified":"2017-08-22T16:08:25","modified_gmt":"2017-08-22T15:08:25","slug":"services-proposes","status":"publish","type":"page","link":"http:\/\/fl-translations.be\/?page_id=31","title":{"rendered":"Services propos\u00e9s"},"content":{"rendered":"<blockquote>\n<p style=\"text-align: justify;\">Vous trouverez dans cette rubrique un aper\u00e7u des services que je peux vous proposer. Notez que je travaille exclusivement \u00e0 partir de <b>l&rsquo;<\/b><strong>anglais<\/strong>, de <b>l&rsquo;<\/b><strong>allemand <\/strong>et du <strong>n\u00e9erlandais <\/strong>vers le <strong>fran\u00e7ais<\/strong>. J&rsquo;entretiens en outre des contacts \u00e9troits avec plusieurs coll\u00e8gues chevronn\u00e9s, tous de langue maternelle fran\u00e7aise, avec lesquels il m&rsquo;arrive de collaborer dans le cadre de missions complexes ou de commandes d&rsquo;envergure. Il va de soi que vous serez toujours inform\u00e9 pr\u00e9alablement de ce type de coop\u00e9ration.<\/p>\n<p style=\"text-align: justify;\">Besoin de quelques conseils ? N&rsquo;h\u00e9sitez pas \u00e0 consulter le <a href=\"https:\/\/www.sft.fr\/clients\/sft\/telechargements\/file_front\/44401_SFTt_lesbonschoix.pdf.pdf\" target=\"_blank\" rel=\"noopener\">Petit guide de l&rsquo;acheteur de traductions<\/a> de la Soci\u00e9t\u00e9 Fran\u00e7aise des Traducteurs<\/p>\n<ul>\n<li style=\"padding-left: 60px;\"><a title=\"Traduction\" href=\"http:\/\/fl-translations.be\/?page_id=263\" target=\"_blank\" rel=\"noopener\">Traduction<\/a><\/li>\n<li style=\"padding-left: 60px;\"><a title=\"R\u00e9vision de traductions\" href=\"http:\/\/fl-translations.be\/?page_id=272\" target=\"_blank\" rel=\"noopener\">R\u00e9vision de traductions<\/a><\/li>\n<li style=\"padding-left: 60px;\"><a title=\"Relecture de textes et communication d\u2019entreprise\" href=\"http:\/\/fl-translations.be\/?page_id=275\" target=\"_blank\" rel=\"noopener\">Relecture de textes et communications d&rsquo;entreprise<\/a><\/li>\n<li style=\"padding-left: 60px;\"><a title=\"La m\u00e9thode\" href=\"http:\/\/fl-translations.be\/?page_id=282\" target=\"_blank\" rel=\"noopener\">Ma m\u00e9thode<\/a><\/li>\n<li style=\"padding-left: 60px;\"><a title=\"Conditions g\u00e9n\u00e9rales\" href=\"http:\/\/fl-translations.be\/?page_id=290\" target=\"_blank\" rel=\"noopener\">Conditions g\u00e9n\u00e9rales<\/a><\/li>\n<\/ul>\n<\/blockquote>\n","protected":false},"excerpt":{"rendered":"<p>Vous trouverez dans cette rubrique un aper\u00e7u des services que je peux vous proposer. Notez que je travaille exclusivement \u00e0 partir de l&rsquo;anglais, de l&rsquo;allemand et du n\u00e9erlandais vers le fran\u00e7ais. J&rsquo;entretiens en outre des contacts \u00e9troits avec plusieurs coll\u00e8gues chevronn\u00e9s, tous de langue maternelle fran\u00e7aise, avec lesquels il m&rsquo;arrive de collaborer dans le cadre &hellip; <\/p>\n<p class=\"link-more\"><a href=\"http:\/\/fl-translations.be\/?page_id=31\" class=\"more-link\">Continuer la lecture<span class=\"screen-reader-text\"> de &laquo;&nbsp;Services propos\u00e9s&nbsp;&raquo;<\/span><\/a><\/p>\n","protected":false},"author":1,"featured_media":0,"parent":0,"menu_order":0,"comment_status":"closed","ping_status":"closed","template":"","meta":[],"_links":{"self":[{"href":"http:\/\/fl-translations.be\/index.php?rest_route=\/wp\/v2\/pages\/31"}],"collection":[{"href":"http:\/\/fl-translations.be\/index.php?rest_route=\/wp\/v2\/pages"}],"about":[{"href":"http:\/\/fl-translations.be\/index.php?rest_route=\/wp\/v2\/types\/page"}],"author":[{"embeddable":true,"href":"http:\/\/fl-translations.be\/index.php?rest_route=\/wp\/v2\/users\/1"}],"replies":[{"embeddable":true,"href":"http:\/\/fl-translations.be\/index.php?rest_route=%2Fwp%2Fv2%2Fcomments&post=31"}],"version-history":[{"count":34,"href":"http:\/\/fl-translations.be\/index.php?rest_route=\/wp\/v2\/pages\/31\/revisions"}],"predecessor-version":[{"id":354,"href":"http:\/\/fl-translations.be\/index.php?rest_route=\/wp\/v2\/pages\/31\/revisions\/354"}],"wp:attachment":[{"href":"http:\/\/fl-translations.be\/index.php?rest_route=%2Fwp%2Fv2%2Fmedia&parent=31"}],"curies":[{"name":"wp","href":"https:\/\/api.w.org\/{rel}","templated":true}]}}